) + -1). What are the prime factors of (217/(-14) + 8)/((-1)/q)?
3, 5
Suppose 0 = -24*u + 30*u - 42. Suppose -r + 1 = -u. Suppose r + 356 = 2*l. What are the prime factors of l?
2, 7, 13
Suppose -13668 = -16*r + 17052. Suppose -r = 6*a - 11*a. List the prime factors of a.
2, 3
Suppose 0 = y + 2*o - 67206, 3*y - o + 79709 - 281320 = 0. List the prime factors of y.
2, 53, 317
List the prime factors of (6/7)/(30/280490).
2, 4007
Let r(m) = m**2 - 18*m - 10. Let f be r(17). Let p = 29 + f. Suppose -9 = -3*l, 5*l + p = 4*q - 3. What are the prime factors of q?
5
Let r(c) = -44*c**3 + 2*c + 1. Suppose 2*k = -7*q + 3*q - 12, -4*q - k = 10. Let u(p) = p**3 + 2*p**2 - p - 3. Let i be u(q). List the prime factors of r(i).
43
Let b(d) = -d**3 - 31*d**2 + 29*d - 45. List the prime factors of b(-34).
2437
Suppose y = 6*h - 11688 - 133221, 0 = -2*h + 2*y + 48308. List the prime factors of h.
24151
Let u = -32 - -33. Let z be u + -2 + -2 - -177. Suppose -2*s + 0*s = -z. What are the prime factors of s?
3, 29
Suppose 45*n - 27*n = 44*n - 161486. List the prime factors of n.
6211
Let m = -2 - 0. Let n(k) = 95*k**2 - 33*k - 27. Let c(u) = -24*u**2 + 8*u + 7. Let q(w) = -9*c(w) - 2*n(w). What are the prime factors of q(m)?
107
Let q(s) = s**2 - 9*s - 68. Let y be q(14). Suppose -y*b = -3423 - 115. List the prime factors of b.
29, 61
Let p(n) = -18*n**3 + 15*n**2 + 14*n + 47. List the prime factors of p(-7).
2, 3, 127
Suppose -453*c + 6388504 = -10492088. What are the prime factors of c?
2, 17, 137
Let q(z) = 26*z**2 + z + 6. Let c = -365 + 368. List the prime factors of q(c).
3
Suppose 14 = -3*m - j - 3*j, 0 = m + 2*j + 8. Suppose -180 = -m*h - 32. Let z = h + 65. List the prime factors of z.
139
Let v be ((-8 + 9)/(-2))/((-4)/16). Suppose -2*n + 303 = 5*o, -4 = v*o + 2*o. List the prime factors of n.
2, 7, 11
Let b = 3934 + -1936. Suppose 0 = 3*r - 4*q - b, -3*r - 2*q + 248 = -1750. Suppose -666 = -3*k + l + 4*l, r = 3*k + l. List the prime factors of k.
2, 3, 37
Suppose -2*z + 3*z - 8 = -2*d, -3*z - 3 = -3*d. Let x be d*1/(-2)*-2. Suppose -x*b + b + 158 = g, 0 = -2*b + 5*g + 158. What are the prime factors of b?
79
List the prime factors of ((-110)/(-11) - -39)*341.
7, 11, 31
Let b(p) = -p**2 - 10*p. Let x be b(-10). Suppose x = 4*y, -4*n + 2*y + 348 = -0*y. Suppose -4*h + n + 77 = 0. What are the prime factors of h?
41
Let r = 6619 - 3619. List the prime factors of r.
2, 3, 5
Let f(w) = -13*w**2 - 7*w - 38. Let m be f(-10). List the prime factors of (m/4 + -5)/(-2).
7, 23
What are the prime factors of 250*(-782)/(-255)*1*9?
2, 3, 5, 23
Suppose -5*r + a = -7*r - 12, -16 = 2*r - a. List the prime factors of 0 - (-6 - (-5628)/r).
2, 3, 5
Let h = -49 - -96. Let a = h - -88. Suppose 15 = 3*s, 2*s = -4*f + 3*s + a. List the prime factors of f.
5, 7
Let x(f) = 225*f**2 - 100*f - 311. What are the prime factors of x(-3)?
2, 19, 53
Let c = 187 - 174. Suppose c*q = 2*q + 3201. What are the prime factors of q?
3, 97
Suppose 2383 - 7721 = -v - 3*a, 2*v - 4*a = 10626. List the prime factors of v.
5323
Suppose 3*f - b + 2*b = 2, -5*b + 20 = 5*f. Let s(d) = 7*d + 6. Let l be s(f). Let r(q) = -107*q**3 + 2*q**2 + 2*q + 1. What are the prime factors of r(l)?
2, 3
Suppose c - 4641 - 232 = 2856. List the prime factors of c.
59, 131
Let z(q) = -q**3 + 5*q**2 + 65*q. Let n be z(-6). Suppose 814 = s + s. Suppose s = 5*a + n*a. List the prime factors of a.
37
Let h = 850 - 610. Suppose -267*x = -265*x - h. What are the prime factors of x?
2, 3, 5
Suppose 15*a = 11*a. Suppose 3*l + l - 1904 = a. Suppose -4*b = -4*m + l, -4*b - 7 - 13 = 0. List the prime factors of m.
2, 3, 19
List the prime factors of (-3)/(-5)*(-5)/(-3)*7609.
7, 1087
Let a be (7 + -6)/((-4)/(-8)). Let g be ((a - 8) + 1)/(2 + -1). List the prime factors of ((-504)/(-7))/((-12)/g - 2).
2, 3, 5
Suppose 4*y + 13868 = z, 5*z + 24*y - 12*y = 69116. List the prime factors of z.
2, 5, 173
Let p(n) = -55*n**3 + 8*n**2 - 18*n - 45. What are the prime factors of p(-6)?
3, 151
Let n = 540 + -356. Suppose 0 = -2*z - 4*k + 462, -3*k - 554 = -3*z + n. What are the prime factors of z?
241
Suppose -4*i - u = -3*u + 220, u = 5*i + 275. Let z = 236 - i. List the prime factors of z.
3, 97
Suppose -854*b - 7200 = -863*b. Let f = 1180 - b. List the prime factors of f.
2, 5, 19
Suppose g = 4*g + 726. Let k = g - -283. What are the prime factors of k?
41
Let l be (-64)/((-4416)/630 - -7). Suppose v - l = -20*v. List the prime factors of v.
2, 5
What are the prime factors of (-3)/3*((5 - -23) + -35)?
7
Let u(z) = -123*z + 104. Let p be u(-5). Let t = -105 + p. What are the prime factors of t?
2, 307
Let s(l) = -l**2 + 16*l + 20. Let c(b) = -7*b**3 + b**2 - 4*b + 3. Let h be c(2). Let u = 71 + h. What are the prime factors of s(u)?
2, 3
Let j(g) = 759*g**3 + 6*g - 4. Let n be j(2). Let h = n + -4253. List the prime factors of h.
3, 7, 29
Suppose 8*d = -8*d - 8*d + 98352. What are the prime factors of d?
2, 3, 683
Suppose 4*z = -73 + 173. Suppose 5*q + 0 = 3*k + z, -q = -3*k - 5. Suppose 2*f + q*r - 380 = -3*f, 2*f = 4*r + 176. List the prime factors of f.
2, 5
Suppose -h - 5*g = -1444, 57*h + 8*g - 1453 = 56*h. What are the prime factors of h?
1429
Suppose -68 = -0*k - 4*k. Let l be ((-6)/(-12))/(13/(-338)). Let o = l + k. List the prime factors of o.
2
Let p = 29748 + 1688. List the prime factors of p.
2, 29, 271
Let i be (0*4/(-20))/(-1). Suppose 1797 = 2*x - 2*a + 3*a, -x - 5*a + 921 = i. Suppose -11*r = 3*r - x. List the prime factors of r.
2
Let w(h) be the third derivative of -h**4/6 - 14*h**3/3 - 31*h**2. Let s be w(-7). Suppose s = 7*m - 236 - 51. List the prime factors of m.
41
What are the prime factors of (-3077376)/(-480)*7/(70/25)?
2, 4007
Let u = -40 - -49. Let c be (u - 3)*(-3)/(-6). List the prime factors of (c + 10/(-3))*-318.
2, 53
Let h(c) be the third derivative of 41*c**4/12 - 199*c**3/6 + 2*c**2 - 5. What are the prime factors of h(6)?
293
Let w be 24/10*80/32. Suppose -2220 = -w*c + 2*c - 2*l, -3*l - 548 = -c. List the prime factors of c.
2, 277
Let y = -476 + 9540. List the prime factors of y.
2, 11, 103
What are the prime factors of 487066/6 + 0 - 69*124/12834?
3, 27059
Let t(l) = l**3 + 2*l**2 - 5*l - 2. Let r be t(-3). Suppose r*q - 47 = -15. What are the prime factors of (-340)/(-16) - 2/q?
3, 7
Suppose -j = -2*j + 7. Suppose j*q = 15 - 50. List the prime factors of 40/6 - q/15.
7
Let j(q) be the first derivative of 3*q**4/4 + q**3 - 3*q**2 - 24*q - 23. List the prime factors of j(5).
2, 3, 11
Suppose -336*f + 54 = -334*f. Suppose 0 = f*h - 50*h + 2139. What are the prime factors of h?
3, 31
Let p(z) = 9*z + 257. Let h be p(-5). Suppose -a - 2*m = -18 + 6, -18 = -4*a - 2*m. Suppose 6*o - h = a*o. What are the prime factors of o?
53
Suppose -43*v = 357 + 1363. List the prime factors of ((-11220)/v)/(9/30).
5, 11, 17
Let y be -2*(113592/(-16) + 0). Suppose y = 28*b - 12289. List the prime factors of b.
2, 11, 43
Let g(p) be the first derivative of -13*p**2/2 - 25*p + 15. Let u be g(-11). Let f = -12 + u. What are the prime factors of f?
2, 53
Let m(x) = x**3 - 60*x**2 - 692*x - 124. List the prime factors of m(70).
2, 109
Let o(j) = j**2 - j - 15. Let f be o(-5). Suppose -47 + 2 = -f*d. Suppose -5*p - 165 = -3*k, -2*k + 21 = d*p - 89. List the prime factors of k.
5, 11
Let h = -27915 + 44454. List the prime factors of h.
3, 37, 149
Let g = 87333 + -42943. List the prime factors of g.
2, 5, 23, 193
Let f = -38290 + 60750. List the prime factors of f.
2, 5, 1123
Suppose 118 = 20*c - 22. Suppose 0 = -4*k + c*n - 5*n + 304, 390 = 5*k - 5*n. List the prime factors of k.
2, 37
Let k(x) = 2*x - 12. Let f be k(6). Suppose -2*n - 3*c + 1380 = f, -3*n + 5*n = -c + 1384. What are the prime factors of n?
3, 7, 11
Let j(i) = 4*i - 15. Let z be j(6). Let w be 1/(-2 - (-19)/z). Suppose 0 = -w*g + 248 - 50. What are the prime factors of g?
2, 11
Let l(t) = 33*t**3 + t**2 - 23*t + 23. Let z be l(1). What are the prime factors of z/(2/(-5) + 96/190)?
17, 19
Let i(g) = 5*g + 77 + 3*g - 4*g + 2*g - g**2 - 5*g. Let a = 6 + -6. What are the prime factors of i(a)?
7, 11
Let d be (88/(-20))/(2/410). List the prime factors of 5 - (d + 6 + 0).
17, 53
Let u(c) = 63*c - 147. Let o(j) = 1. Let p(m) = 105*o(m) + u(m). Let y be p(12). Suppo